{"id":7,"date":"2020-09-11T11:23:46","date_gmt":"2020-09-11T09:23:46","guid":{"rendered":"http:\/\/printmore-service.de\/?page_id=7"},"modified":"2025-04-01T10:49:50","modified_gmt":"2025-04-01T08:49:50","slug":"herzlich-willkommen","status":"publish","type":"page","link":"https:\/\/printmore-service.de\/","title":{"rendered":"Herzlich willkommen!"},"content":{"rendered":"<p style=\"text-align: left;\"><img decoding=\"async\" loading=\"lazy\" class=\"alignnone  wp-image-49\" src=\"http:\/\/printmore-service.de\/wp-content\/uploads\/Nathan-Schreiner-300x300.png\" alt=\"\" width=\"160\" height=\"160\" srcset=\"https:\/\/printmore-service.de\/wp-content\/uploads\/Nathan-Schreiner-300x300.png 300w, https:\/\/printmore-service.de\/wp-content\/uploads\/Nathan-Schreiner-150x150.png 150w, https:\/\/printmore-service.de\/wp-content\/uploads\/Nathan-Schreiner-768x768.png 768w, https:\/\/printmore-service.de\/wp-content\/uploads\/Nathan-Schreiner-1024x1024.png 1024w, https:\/\/printmore-service.de\/wp-content\/uploads\/Nathan-Schreiner-100x100.png 100w, https:\/\/printmore-service.de\/wp-content\/uploads\/Nathan-Schreiner.png 1124w\" sizes=\"(max-width: 160px) 100vw, 160px\" \/>\u00a0\u00a0<\/p>\n<p style=\"text-align: left;\"><span style=\"color: #00305e;\">Lieber Besucher!\u00a0\u00a0\u00a0\u00a0\u00a0 <br \/><\/span><\/p>\n<p style=\"text-align: left;\"><span style=\"color: #00305e;\">Ich begr\u00fc\u00dfe Sie herzlich bei\u00a0print&amp;more\u00a0dem modernen Fullservice-Dienstleistungsunternehmen f\u00fcr\u00a0digital- und printmedien.<\/span><\/p>\n<p style=\"text-align: left;\"><span style=\"color: #00305e;\">Grundphilosophie dieses Unternehmens ist die l\u00fcckenlose Versorgung an crossmedialen Angeboten von Druckprodukten\u00a0und digitalen Dienstleistungen\u00a0f\u00fcr Ihre steigende Informations-\u00a0und Kommunikationsbed\u00fcrfnisse.<\/span><\/p>\n<p style=\"text-align: left;\"><span style=\"color: #00305e;\">Sowohl Gro\u00df- und Einzelhandelsunternehmen, \u00fcber Industrie,\u00a0Banken\u00a0und \u00f6ffentliche Einrichtungen,\u00a0als auch\u00a0kleinere Handwerksbetriebe bedienen sich bereits dieser Dienstleistung.<\/span><\/p>\n<p style=\"text-align: left;\"><span style=\"color: #00305e;\">Qualit\u00e4t, Termintreue,\u00a0zeitnahes reagieren\u00a0und au\u00dfergew\u00f6hnliche individuelle L\u00f6sungen zur Umsetzung Ihrer W\u00fcnsche\u00a0geh\u00f6ren\u00a0zum Unternehmenscredo.<\/span><\/p>\n<p style=\"text-align: left;\"><span style=\"color: #00305e;\">Frei nach dem Motto:<\/span><\/p>\n<p style=\"text-align: left;\"><span style=\"color: #00305e;\"><em>&#8222;Lieber weniger Worte und mehr Taten &#8211;\u00a0freue ich mich auf Ihren Auftrag.&#8220;<\/em><\/span><\/p>\n<p style=\"text-align: left;\"><span style=\"color: #00305e;\">Es begr\u00fc\u00dft Sie herzlichst Ihr\u00a0Dienstleister\u00a0<\/span><\/p>\n<p style=\"text-align: left;\"><span style=\"color: #00305e;\"><img decoding=\"async\" loading=\"lazy\" class=\"alignnone  wp-image-9\" src=\"http:\/\/printmore-service.de\/wp-content\/uploads\/unterschrift-300x84.jpg\" alt=\"\" width=\"207\" height=\"58\" srcset=\"https:\/\/printmore-service.de\/wp-content\/uploads\/unterschrift-300x84.jpg 300w, https:\/\/printmore-service.de\/wp-content\/uploads\/unterschrift.jpg 387w\" sizes=\"(max-width: 207px) 100vw, 207px\" \/><\/span><\/p>\n<p>Nathan Schreiner<\/p>\n<p style=\"text-align: left;\"><span style=\"color: #00305e;\"><a href=\"https:\/\/printmore-service.de\/?attachment_id=421\" rel=\"attachment wp-att-421\"><img decoding=\"async\" loading=\"lazy\" class=\"alignnone size-medium wp-image-421\" src=\"https:\/\/printmore-service.de\/wp-content\/uploads\/20-Jahre-232x300.png\" alt=\"\" width=\"232\" height=\"300\" srcset=\"https:\/\/printmore-service.de\/wp-content\/uploads\/20-Jahre-232x300.png 232w, https:\/\/printmore-service.de\/wp-content\/uploads\/20-Jahre-792x1024.png 792w, https:\/\/printmore-service.de\/wp-content\/uploads\/20-Jahre-768x993.png 768w, https:\/\/printmore-service.de\/wp-content\/uploads\/20-Jahre.png 937w\" sizes=\"(max-width: 232px) 100vw, 232px\" \/><\/a><\/span><\/p>\n\n\n<p><\/p>\n","protected":false},"excerpt":{"rendered":"<p>\u00a0\u00a0 Lieber Besucher!\u00a0\u00a0\u00a0\u00a0\u00a0 Ich begr\u00fc\u00dfe Sie herzlich bei\u00a0print&amp;more\u00a0dem modernen Fullservice-Dienstleistungsunternehmen f\u00fcr\u00a0digital- und printmedien. Grundphilosophie dieses Unternehmens ist die l\u00fcckenlose Versorgung an crossmedialen Angeboten von Druckprodukten\u00a0und digitalen Dienstleistungen\u00a0f\u00fcr Ihre steigende Informations-\u00a0und Kommunikationsbed\u00fcrfnisse. Sowohl Gro\u00df- und Einzelhandelsunternehmen, \u00fcber Industrie,\u00a0Banken\u00a0und \u00f6ffentliche Einrichtungen,\u00a0als auch\u00a0kleinere Handwerksbetriebe bedienen sich bereits dieser Dienstleistung. Qualit\u00e4t, Termintreue,\u00a0zeitnahes reagieren\u00a0und au\u00dfergew\u00f6hnliche individuelle L\u00f6sungen zur Umsetzung Ihrer &hellip; <\/p>\n<p class=\"link-more\"><a href=\"https:\/\/printmore-service.de\/\" class=\"more-link\"><span class=\"screen-reader-text\">\u201eHerzlich willkommen!\u201c<\/span> weiterlesen<\/a><\/p>\n","protected":false},"author":1,"featured_media":0,"parent":0,"menu_order":0,"comment_status":"closed","ping_status":"closed","template":"","meta":[],"_links":{"self":[{"href":"https:\/\/printmore-service.de\/index.php?rest_route=\/wp\/v2\/pages\/7"}],"collection":[{"href":"https:\/\/printmore-service.de\/index.php?rest_route=\/wp\/v2\/pages"}],"about":[{"href":"https:\/\/printmore-service.de\/index.php?rest_route=\/wp\/v2\/types\/page"}],"author":[{"embeddable":true,"href":"https:\/\/printmore-service.de\/index.php?rest_route=\/wp\/v2\/users\/1"}],"replies":[{"embeddable":true,"href":"https:\/\/printmore-service.de\/index.php?rest_route=%2Fwp%2Fv2%2Fcomments&post=7"}],"version-history":[{"count":21,"href":"https:\/\/printmore-service.de\/index.php?rest_route=\/wp\/v2\/pages\/7\/revisions"}],"predecessor-version":[{"id":423,"href":"https:\/\/printmore-service.de\/index.php?rest_route=\/wp\/v2\/pages\/7\/revisions\/423"}],"wp:attachment":[{"href":"https:\/\/printmore-service.de\/index.php?rest_route=%2Fwp%2Fv2%2Fmedia&parent=7"}],"curies":[{"name":"wp","href":"https:\/\/api.w.org\/{rel}","templated":true}]}}